177659
What are the prime factors of 2786510?
2, 5, 278651
What are the prime factors of 49796?
2, 59, 211
What are the prime factors of 69838?
2, 34919
List the prime factors of 4156376.
2, 7, 23, 461
List the prime factors of 979664.
2, 7, 8747
List the prime factors of 7097018.
2, 23, 41, 53, 71
List the prime factors of 340710.
2, 3, 5, 41, 277
List the prime factors of 1702344.
2, 3, 7, 10133
What are the prime factors of 1198065?
3, 5, 11, 53, 137
List the prime factors of 729514.
2, 23, 15859
List the prime factors of 6920143.
587, 11789
What are the prime factors of 659237?
659237
What are the prime factors of 610646?
2, 101, 3023
List the prime factors of 402583.
402583
List the prime factors of 1391854.
2, 695927
List the prime factors of 752195.
5, 150439
What are the prime factors of 1019243?
53, 19231
What are the prime factors of 472453?
37, 113
List the prime factors of 156832.
2, 13, 29
What are the prime factors of 1530263?
7, 71, 3079
What are the prime factors of 737002?
2, 7, 61, 863
What are the prime factors of 236962?
2, 11, 10771
List the prime factors of 273897.
3, 13, 2341
What are the prime factors of 255783?
3, 11, 23, 337
List the prime factors of 5412848.
2, 7, 31, 1559
What are the prime factors of 2643502?
2, 37, 139, 257
What are the prime factors of 1119786?
2, 3, 193, 967
What are the prime factors of 2139440?
2, 5, 47, 569
List the prime factors of 12919216.
2, 37, 139, 157
List the prime factors of 233690.
2, 5, 23369
What are the prime factors of 4073294?
2, 503, 4049
List the prime factors of 793025.
5, 31721
List the prime factors of 14594666.
2, 7297333
What are the prime factors of 744387?
3, 7, 35447
List the prime factors of 19888329.
3, 31, 79, 2707
What are the prime factors of 2454165?
3, 5, 7, 53
List the prime factors of 3491618.
2, 13, 134293
List the prime factors of 8628053.
7, 97, 131
List the prime factors of 10361837.
10361837
What are the prime factors of 654185?
5, 7, 18691
What are the prime factors of 740166?
2, 3, 7, 17623
List the prime factors of 682264.
2, 11, 7753
List the prime factors of 188976.
2, 3, 31, 127
What are the prime factors of 73908?
2, 3, 2053
List the prime factors of 670289.
23, 151, 193
List the prime factors of 2316065.
5, 463213
List the prime factors of 2719468.
2, 679867
What are the prime factors of 464030?
2, 5, 7, 947
What are the prime factors of 1938125?
5, 7, 443
List the prime factors of 448475.
5, 17939
List the prime factors of 759083.
13, 58391
What are the prime factors of 1014613?
61, 16633
What are the prime factors of 1354096?
2, 84631
What are the prime factors of 180132?
2, 3, 17, 883
What are the prime factors of 28834590?
2, 3, 5, 19, 50587
List the prime factors of 8552750.
2, 5, 34211
What are the prime factors of 633442?
2, 367, 863
List the prime factors of 2280722.
2, 19, 47, 1277
What are the prime factors of 36095?
5, 7219
List the prime factors of 1000677.
3, 47, 151
What are the prime factors of 3070979?
53, 57943
List the prime factors of 197323.
7, 4027
List the prime factors of 388482.
2, 3, 64747
What are the prime factors of 1182410?
2, 5, 317, 373
List the prime factors of 1311561.
3, 61, 2389
What are the prime factors of 601008?
2, 3, 19, 659
What are the prime factors of 1900452?
2, 3, 158371
List the prime factors of 2239561.
2239561
What are the prime factors of 15191706?
2, 3, 2531951
What are the prime factors of 805498?
2, 487, 827
What are the prime factors of 944518?
2, 23, 20533
List the prime factors of 14398240.
2, 5, 89989
List the prime factors of 6723530.
2, 5, 11, 19, 3217
List the prime factors of 215614.
2, 7, 15401
List the prime factors of 7959136.
2, 248723
What are the prime factors of 1519537?
563, 2699
What are the prime factors of 12321898?
2, 6160949
What are the prime factors of 411139?
197, 2087
What are the prime factors of 3875056?
2, 47, 5153
List the prime factors of 746470.
2, 5, 17, 4391
What are the prime factors of 225571?
191, 1181
List the prime factors of 20851235.
5, 4170247
What are the prime factors of 1907409?
3, 7, 61, 1489
What are the prime factors of 2875348?
2, 7, 103, 997
What are the prime factors of 7840994?
2, 7, 197, 2843
What are the prime factors of 13791893?
2591, 5323
List the prime factors of 878695.
5, 31, 5669
What are the prime factors of 404184?
2, 3, 11, 1531
List the prime factors of 681990.
2, 3, 5, 127, 179
What are the prime factors of 635958?
2, 3, 11777
List the prime factors of 183524.
2, 11, 43, 97
What are the prime factors of 1949923?
53, 36791
List the prime factors of 1110664.
2, 19, 7307
What are the prime factors of 6702817?
11, 257, 2371
What are the prime factors of 471889?
11, 42899
List the prime factors of 50087.
50087
What are the prime factors of 2896387?
13, 222799
List the prime factors of 3655631.
7, 522233
List the prime factors of 30287894.
2, 7, 13, 166417
What are the prime factors of 8525268?
2, 3, 236813
What are the prime factors of 4587216?
2, 3, 227, 421
List the prime factors of 5201002.
2, 461, 5641
What are the prime factors of 514997?
7, 73571
List the prime factors of 16565.
5, 3313
List the prime factors of 13157711.
7, 17, 110569
List the prime factors of 2715597.
3, 17, 17749
What are the prime factors of 3042790?
2, 5, 304279
List the prime factors of 2300441.
11, 13, 16087
What are the prime factors of 1725037?
593, 2909
What are the prime factors of 413729?
17, 24337
List the prime factors of 161487.
3, 5981
List the prime factors of 2416826.
2, 1208413
List the prime factors of 164983.
7, 13, 37
List the prime factors of 273247.
13, 21019
List the prime factors of 8570872.
2, 1071359
List the prime factors of 449386.
2, 7, 32099
List the prime factors of 1113866.
2, 13, 42841
What are the prime factors of 2673879?
3, 13, 17, 37, 109
What are the prime factors of 692674?
2, 346337
What are the prime factors of 344658?
2, 3, 17, 31, 109
List the prime factors of 5925398.
2, 23, 128813
List the prime factors of 2164716.
2, 3, 157, 383
List the prime factors of 44805.
3, 5, 29, 103
What are the prime factors of 26136?
2, 3, 11
What are the prime factors of 1645866?
2, 3, 29, 1051
What are the prime factors of 666412?
2, 166603
What are the prime factors of 4050907?
7, 578701
List the prime factors of 688989.
3, 7, 43, 109
List the prime factors of 10575111.
3, 29, 121553
What are the prime factors of 920490?
2, 3, 5, 61, 503
List the prime factors of 4124279.
37, 111467
List the prime factors of 3325928.
2, 31, 13411
What are the prime factors of 617811?
3, 205937
List the prime factors of 25724130.
2, 3, 5, 857471
List the prime factors of 4270019.
13, 23, 14281
List the prime factors of 7043918.
2, 7, 503137
List the prime factors of 745461.
3, 113, 733
List the prime factors of 419820.
2, 3, 5, 6997
What are the prime factors of 263006?
2, 107, 1229
List the prime factors of 8713019.
7, 37, 33641
What are the prime factors of 169715?
5, 7, 13, 373
List the prime factors of 665854.
2, 7, 199, 239
List the prime factors of 173371.
11, 15761
What are the prime factors of 4022467?
31, 129757
List the prime factors of 4383710.
2, 5, 31, 79, 179
List the prime factors of 704985.
3, 5, 43, 1093
List the prime factors of 15804.
2, 3, 439
What are the prime factors of 165412?
2, 13, 3181
What are the prime factors of 79469?
13, 6113
List the prime factors of 347452.
2, 7, 12409
List the prime factors of 353957.
17, 47, 443
List the prime factors of 152521.
43, 3547
List the prime factors of 2274040.
2, 5, 139, 409
List the prime factors of 30598573.
30598573
What are the prime factors of 80890?
2, 5, 8089
What are the prime factors of 201437?
201437
What are the prime factors of 17424354?
2, 3, 17, 170827
List the prime factors of 4292508.
2, 3, 11, 31, 1049
What are the prime factors of 41314?
2, 7, 13, 227
List the prime factors of 2813674.
2, 1406837
List the prime factors of 26307994.
2, 13153997
What are the prime factors of 721490?
2, 5, 7, 11, 937
List the prime factors of 222039.
3, 24671
What are the prime factors of 64839?
3, 21613
List the prime factors of 84342.
2, 3, 14057
What are the prime factors of 148184?
2, 18523
What are the prime factors of 16252612?
2, 17, 59, 4051
What are the prime factors of 1098794?